 factors of h.
2, 5, 13
Let m(y) = 7*y**2 - 4*y + 1. Let b = -37 - -41. What are the prime factors of m(b)?
97
Suppose 163 + 204 = g - 4*m, g = 5*m + 362. What are the prime factors of g?
3, 43
Let o(h) = -h**3 + 14*h**2 + 4*h + 4. Let q(g) = g**2 + g. Let p(y) = o(y) - 6*q(y). List the prime factors of p(6).
2
Let s be (-2 + 4 - 5) + 7. List the prime factors of 0 - (s/(-10))/(1/55).
2, 11
Suppose 9*n - 1380 - 60 = 0. List the prime factors of n.
2, 5
Let s = -763 - -3559. List the prime factors of s.
2, 3, 233
Let t = 16 + -27. Let f(l) = 3*l**3 - 15*l**2 + 6. Let g(q) = -8*q**3 + 44*q**2 - 19. Let z(k) = -11*f(k) - 4*g(k). List the prime factors of z(t).
2, 5
Suppose 40*b = 966 + 18514. List the prime factors of b.
487
Let g be 7 - (4 - (1 - 1)). Suppose 2*z + c - 11 = 0, g*z - 2*c - 2*c = 0. Suppose 4*w + 9*u = z*u + 145, 5*w - 2*u = 206. What are the prime factors of w?
2, 5
What are the prime factors of 7815/6 - (-3 + 20/8)?
1303
Let i = 38 + -36. Suppose 4*u = 5*v - 91, -v - v - i*u = -40. List the prime factors of v.
19
Let f = 530 - 255. Suppose -k + f - 30 = 0. List the prime factors of (-3)/(-2) + k/14.
19
Let g(i) = -i - 11. Let h(o) = 1. Let c(t) = -g(t) - 6*h(t). Let d be c(7). What are the prime factors of ((-18)/(-15))/(d/440)?
2, 11
Suppose -2*j + 62 - 262 = 0. Let d = j + 148. List the prime factors of d.
2, 3
Let v = -6 - 35. Let w = 133 + v. List the prime factors of w.
2, 23
Suppose 0*c + 8 = -4*c. Let y(f) = 42*f. Let k be y(c). List the prime factors of ((-4)/(-3))/((-4)/k).
2, 7
Suppose 11*c = 3*c + 272. List the prime factors of c.
2, 17
Let k(v) = 23*v**2. Let x be k(-1). Suppose -w = -x - 64. What are the prime factors of w?
3, 29
Suppose -17*s - 4055 = -22*s. What are the prime factors of s?
811
Let j(u) = u**3 - 6*u**2 - 6*u - 7. Let v be j(7). Suppose -2*d + h - 6*h = v, 14 = 2*d - 2*h. List the prime factors of d.
5
Let n be 31/2*-1*(-5 + 1). Let q = n - -46. What are the prime factors of q?
2, 3
Let r(p) be the third derivative of p**5/60 + p**4/2 + 3*p**3/2 - p**2. List the prime factors of r(-14).
37
Let k(z) be the third derivative of -z**6/120 + z**4/24 - 4*z**2. Suppose 2 - 6 = 2*c. What are the prime factors of k(c)?
2, 3
Let m = 14 + -13. Let q be 3 - (m - 3/1). Suppose -3*o + 1 + q = 0. What are the prime factors of o?
2
Let o(p) = 19*p + 23. Let v be o(-9). Let j = 223 + v. List the prime factors of j.
3, 5
Let v(n) = 395*n**3 - 2*n**2 + 12*n - 10. List the prime factors of v(1).
5, 79
Let b(l) = -62*l + 86. What are the prime factors of b(-5)?
2, 3, 11
Let k = 218 - 144. Let z(s) = -5*s**2 + 3*s + 2. Let x be z(-3). Let o = x + k. List the prime factors of o.
2, 11
Let m be -3*-38*((-1)/(-6) - 0). Let k be (0/(-1) - -31)/1. Let x = k - m. List the prime factors of x.
2, 3
Suppose 4*v - 4*d - 8 = 0, -2*d = 2*v + d - 9. Suppose -v*t - 264 = -4*f, -4*f + 0 = -5*t - 272. What are the prime factors of f?
3, 7
What are the prime factors of 8/(-24)*-9 + 120?
3, 41
Let t = 44 + -24. Let d = t + 25. What are the prime factors of d?
3, 5
Suppose -m + 1782 = 2*j, m - 3562 = -j - 3*j. What are the prime factors of j?
2, 5, 89
Suppose 0 = 4*y - 8*y - 16, 0 = -5*w - 4*y - 1. Suppose r - 124 = -0*r + w*t, -4*r - 2*t = -566. List the prime factors of r.
139
Let h(j) = 28*j + 73. What are the prime factors of h(10)?
353
Let w(f) = 13*f + 3. Let d be w(5). Suppose 3*t + 99 = -3*v, -2*v - 3*v = 3*t + 93. Let r = d + t. What are the prime factors of r?
2
Suppose 247 = s - 63. Suppose -3*o + 2*d + s + 260 = 0, -4*o = -5*d - 760. Suppose 2*v + o = 7*v. What are the prime factors of v?
2, 19
Let q(x) be the second derivative of -5*x + 0 - 1/6*x**3 + 1/12*x**4 + 17*x**2. What are the prime factors of q(0)?
2, 17
Suppose 3*j - 22 = j - 4*c, -5*j - c = -28. Let i = 15 - j. Let s(p) = -p**3 + 11*p**2 - 5*p + 1. List the prime factors of s(i).
3, 17
Suppose -2*w - 180 = -3*w. Suppose 0 = 6*f - 2*f - w. What are the prime factors of f?
3, 5
Let v be 2 - (1 - (2 - 3))/(-1). Let d = -9 - -14. Suppose -o + v*j + 20 = -d, 3*j + 22 = o. What are the prime factors of o?
13
Suppose -2*j + 720 = -2*c, -j - c + 178 + 172 = 0. What are the prime factors of j?
5, 71
Let u be 5/(4/(4 - 0)). Suppose 2*r - 2*y - 171 = -29, -4*y + 391 = u*r. What are the prime factors of r?
3, 5
Let j(k) = -k**3 + 10*k**2 - 8*k - 4. Let h be (15/(-10))/((-3)/18). Let s be j(h). Suppose -s*c = -3*c - 56. What are the prime factors of c?
2, 7
Let d(r) = -2*r - 2. Let z be d(2). Let t(v) = v**2 + 3*v - 14. Let i be t(z). Suppose i*a + 0*a - 52 = 0. List the prime factors of a.
13
Let s be (-40)/3*-3*1. Suppose -2*h + 3*m - 43 = 3*h, -2*m = 4*h + 30. Let z = s + h. List the prime factors of z.
2
Let t be (27 - 28)*-21*6. Suppose 0 = -j + 5*k + t, 0*j - 630 = -5*j - 2*k. What are the prime factors of j?
2, 3, 7
Let m(v) = 114*v + 93. List the prime factors of m(4).
3, 61
Let k(i) = -9*i + 1. Let d(v) = -26*v + 2. Let c(j) = 4*d(j) - 11*k(j). Let s be c(-1). Suppose 0 = s*p + p - 39. What are the prime factors of p?
13
Suppose -81733 = -3*o - 44*o. What are the prime factors of o?
37, 47
Let d be 0 + 0 - -2 - 43. Let o be 776/(-12) + 0 + (-1)/3. Let g = d - o. What are the prime factors of g?
2, 3
Suppose -3*i = 125 - 431. Let p = i + -51. What are the prime factors of p?
3, 17
Suppose 2*i - 16 = 3*i + 4*w, -2*i + w - 50 = 0. What are the prime factors of i/(-16) + (-11)/(-2)?
7
Let n(r) = 4*r + 9. Let p be n(-5). Let w(a) = -9*a + 30. List the prime factors of w(p).
3, 43
Let n(j) = -j**3 - 20*j**2 + 2*j - 18. What are the prime factors of n(-21)?
3, 127
Let s be (-2)/9 - 3101/(-63). Suppose 3*p + 33 = 3*x + 3, -5*p + 4*x = s. Let y(k) = -k**3 - 7*k**2 + 12*k + 4. What are the prime factors of y(p)?
2, 29
Let g(w) = w**3 - 33*w**2 + 4*w - 9. What are the prime factors of g(33)?
3, 41
Suppose 0*x + 364 = x. What are the prime factors of x?
2, 7, 13
Suppose -8 = -4*r + 2*z, 5*r = -0*r - 3*z - 12. Suppose r = 7*x + 443 - 2207. List the prime factors of x.
2, 3, 7
Let j(i) = 170*i**2 + i + 4. What are the prime factors of j(3)?
29, 53
Let i(k) = -k**3 - 12*k**2 + 23*k - 40. List the prime factors of i(-15).
2, 5, 29
Let g(r) = -3*r + 74. Let w be g(0). Suppose -x = 5*l - 45, -2*x + 3*l + w = 5*l. List the prime factors of x.
5, 7
Suppose 65*f - 132 = 61*f. Suppose -192 - f = -n. List the prime factors of n.
3, 5
Suppose -4*z = -h + 11, 3*h + z + 8 = 4*h. Suppose 0 = -4*q - 17 - h. List the prime factors of ((-28)/q)/(8/36).
3, 7
Suppose -23*p + 10050 = -8787. List the prime factors of p.
3, 7, 13
Suppose 0 = -3*m + 3*p + 105, 14 = 2*m - 4*p - 56. What are the prime factors of m?
5, 7
Suppose 0 = 5*x - 849 - 51. Suppose -4*p + x = -p. Let h = p + -36. List the prime factors of h.
2, 3
Suppose 2*g = 3*k - 61, -4*g - 24 = -4*k + 60. Suppose 0 = 3*x + w - k, 2*w = -w + 12. Suppose -17 - 6 = -j - 3*a, 5*j + x*a = 115. List the prime factors of j.
23
Let u(h) = -h + 3. Let c = -405 + 99. Let g be c/42 - (-2)/7. List the prime factors of u(g).
2, 5
Let g = 79 + -74. Suppose 2*d + g*d - 14 = 0. List the prime factors of d.
2
List the prime factors of 4/8*-2 - 408/(-6).
67
Let p(g) = 3*g + 4 + 2*g - 7*g. Let s(w) = 10*w**3 + 3*w**2 + 2*w. Let t be s(-1). List the prime factors of p(t).
2, 11
Let z be -2 + 284/6*3. Suppose -5*u = -v + 64, u + z = 3*v - 24. List the prime factors of v.
2, 3
Let g = 313 + -552. Let u = g + 336. What are the prime factors of u?
97
Let z(j) = -3*j**2 + 3*j + 126. What are the prime factors of z(0)?
2, 3, 7
Suppose 4*i - 7 = 9. Suppose 2 = s + i*s + t, -3*s - 8 = -4*t. What are the prime factors of 6 - s - 9/(-3)?
3
Suppose 0 = 2*u - 4*b - 1486, -2*b + 5*b = 5*u - 3729. Suppose 14*c = 11*c + u. List the prime factors of c.
3, 83
Let d(t) = -57*t**3 - t**2 - t - 1. Let v be d(-1). Suppose -h - 11 = -v. What are the prime factors of h?
3, 5
Let l(x) = x**2 + 12*x + 8. Suppose -5*t - 36 = 34. Let u be l(t). Suppose -2*b + u = 2*d - 3*b, -4*d - b = -78. List the prime factors of d.
19
Let o(w) = 215*w + 61. What are the prime factors of o(6)?
7, 193
Let f be (-507)/(-3) + 2 + 0. Let y = 59 + f. List the prime factors of y.
2, 5, 23
Let p = -18 + 20. Suppose -p*o - 3*u = 7, 5*o + u + 9 = o. What are the prime factors of ((-11)/o)/(6/12)?
11
Suppose 3*v